{"id":2241,"date":"2013-12-04T21:13:30","date_gmt":"2013-12-04T19:13:30","guid":{"rendered":"http:\/\/wpkcs.karnevalsverein-sacro.de\/?page_id=2241"},"modified":"2015-02-03T00:54:06","modified_gmt":"2015-02-02T22:54:06","slug":"unser-verein","status":"publish","type":"page","link":"https:\/\/wpkcs.karnevalsverein-sacro.de\/?page_id=2241","title":{"rendered":"Unser Verein&#8230;"},"content":{"rendered":"<p><img loading=\"lazy\" decoding=\"async\" class=\"alignnone size-full wp-image-2754\" src=\"https:\/\/wpkcs.karnevalsverein-sacro.de\/wp-content\/uploads\/2013\/12\/Karnevalsverein-forst-sacro.jpg\" alt=\"Karnevalsverein forst sacro\" width=\"976\" height=\"587\" srcset=\"https:\/\/wpkcs.karnevalsverein-sacro.de\/wp-content\/uploads\/2013\/12\/Karnevalsverein-forst-sacro.jpg 976w, https:\/\/wpkcs.karnevalsverein-sacro.de\/wp-content\/uploads\/2013\/12\/Karnevalsverein-forst-sacro-498x300.jpg 498w\" sizes=\"auto, (max-width: 976px) 100vw, 976px\" \/><\/p>\n<p style=\"text-align: justify;\">Pflege und F\u00f6rderung des karnevalistischen Brauchtums. Durch ein breites Spektrum der Aufgaben und M\u00f6glichkeiten innerhalb des Vereins t\u00e4tig zu sein, (Tanz, Gesang, B\u00fctt, Sketch, Dekoration usw.) werden Kinder, Jugendliche und Erwachsene bis hin zu Senioren in das Vereinleben intergriert<\/p>\n","protected":false},"excerpt":{"rendered":"<p>Pflege und F\u00f6rderung des karnevalistischen Brauchtums. Durch ein breites Spektrum der Aufgaben und M\u00f6glichkeiten innerhalb des Vereins t\u00e4tig zu sein, (Tanz, Gesang, B\u00fctt, Sketch, Dekoration usw.) werden Kinder, Jugendliche und Erwachsene bis hin zu Senioren in das Vereinleben intergriert<\/p>\n","protected":false},"author":1,"featured_media":0,"parent":0,"menu_order":0,"comment_status":"open","ping_status":"closed","template":"","meta":{"pgc_meta":"","footnotes":""},"class_list":["post-2241","page","type-page","status-publish","hentry"],"pgc_meta":"","jetpack_sharing_enabled":false,"rttpg_featured_image_url":null,"rttpg_author":{"display_name":"KCS 1979 e.V. admin","author_link":"https:\/\/wpkcs.karnevalsverein-sacro.de\/?author=1"},"rttpg_comment":1,"rttpg_category":null,"rttpg_excerpt":"Pflege und F\u00f6rderung des karnevalistischen Brauchtums. Durch ein breites Spektrum der Aufgaben und M\u00f6glichkeiten innerhalb des Vereins t\u00e4tig zu sein, (Tanz, Gesang, B\u00fctt, Sketch, Dekoration usw.) werden Kinder, Jugendliche und Erwachsene bis hin zu Senioren in das Vereinleben intergriert","_links":{"self":[{"href":"https:\/\/wpkcs.karnevalsverein-sacro.de\/index.php?rest_route=\/wp\/v2\/pages\/2241","targetHints":{"allow":["GET"]}}],"collection":[{"href":"https:\/\/wpkcs.karnevalsverein-sacro.de\/index.php?rest_route=\/wp\/v2\/pages"}],"about":[{"href":"https:\/\/wpkcs.karnevalsverein-sacro.de\/index.php?rest_route=\/wp\/v2\/types\/page"}],"author":[{"embeddable":true,"href":"https:\/\/wpkcs.karnevalsverein-sacro.de\/index.php?rest_route=\/wp\/v2\/users\/1"}],"replies":[{"embeddable":true,"href":"https:\/\/wpkcs.karnevalsverein-sacro.de\/index.php?rest_route=%2Fwp%2Fv2%2Fcomments&post=2241"}],"version-history":[{"count":4,"href":"https:\/\/wpkcs.karnevalsverein-sacro.de\/index.php?rest_route=\/wp\/v2\/pages\/2241\/revisions"}],"predecessor-version":[{"id":4412,"href":"https:\/\/wpkcs.karnevalsverein-sacro.de\/index.php?rest_route=\/wp\/v2\/pages\/2241\/revisions\/4412"}],"wp:attachment":[{"href":"https:\/\/wpkcs.karnevalsverein-sacro.de\/index.php?rest_route=%2Fwp%2Fv2%2Fmedia&parent=2241"}],"curies":[{"name":"wp","href":"https:\/\/api.w.org\/{rel}","templated":true}]}}